[INFO] fetching crate pseudo-async-io 0.1.0...
[INFO] checking pseudo-async-io-0.1.0 against master#cfbc6d4cf1acbac5c025acf8ed68929caa551df3 for pr-75494-beta
[INFO] extracting crate pseudo-async-io 0.1.0 into /workspace/builds/worker-7/source
[INFO] validating manifest of crates.io crate pseudo-async-io 0.1.0 on toolchain cfbc6d4cf1acbac5c025acf8ed68929caa551df3
[INFO] running `Command { std: "/workspace/cargo-home/bin/cargo" "+cfbc6d4cf1acbac5c025acf8ed68929caa551df3" "read-manifest" "--manifest-path" "Cargo.toml", kill_on_drop: false }`
[INFO] started tweaking crates.io crate pseudo-async-io 0.1.0
[INFO] finished tweaking crates.io crate pseudo-async-io 0.1.0
[INFO] tweaked toml for crates.io crate pseudo-async-io 0.1.0 written to /workspace/builds/worker-7/source/Cargo.toml
[INFO] running `Command { std: "/workspace/cargo-home/bin/cargo" "+cfbc6d4cf1acbac5c025acf8ed68929caa551df3" "generate-lockfile" "--manifest-path" "Cargo.toml" "-Zno-index-update", kill_on_drop: false }`
[INFO] running `Command { std: "/workspace/cargo-home/bin/cargo" "+cfbc6d4cf1acbac5c025acf8ed68929caa551df3" "fetch" "--locked" "--manifest-path" "Cargo.toml", kill_on_drop: false }`
[INFO] running `Command { std: "docker" "create" "-v" "/var/lib/crater-agent-workspace/builds/worker-7/target:/opt/rustwide/target:rw,Z" "-v" "/var/lib/crater-agent-workspace/builds/worker-7/source:/opt/rustwide/workdir:ro,Z" "-v" "/var/lib/crater-agent-workspace/cargo-home:/opt/rustwide/cargo-home:ro,Z" "-v" "/var/lib/crater-agent-workspace/rustup-home:/opt/rustwide/rustup-home:ro,Z" "-e" "SOURCE_DIR=/opt/rustwide/workdir" "-e" "CARGO_TARGET_DIR=/opt/rustwide/target" "-e" "CARGO_HOME=/opt/rustwide/cargo-home" "-e" "RUSTUP_HOME=/opt/rustwide/rustup-home" "-w" "/opt/rustwide/workdir" "-m" "1610612736" "--user" "0:0" "--network" "none" "rustops/crates-build-env@sha256:a636fd89d022f18117e1dc8fb37a0a009933cdbbe082814857f0e2024962d47c" "/opt/rustwide/cargo-home/bin/cargo" "+cfbc6d4cf1acbac5c025acf8ed68929caa551df3" "metadata" "--no-deps" "--format-version=1", kill_on_drop: false }`
[INFO] [stdout] 009e551e5c22bef0aa94b8a091510beaa1a069b0f736e462ba2121498cb6f132
[INFO] [stderr] WARNING: Your kernel does not support swap limit capabilities or the cgroup is not mounted. Memory limited without swap.
[INFO] running `Command { std: "docker" "start" "-a" "009e551e5c22bef0aa94b8a091510beaa1a069b0f736e462ba2121498cb6f132", kill_on_drop: false }`
[INFO] running `Command { std: "docker" "inspect" "009e551e5c22bef0aa94b8a091510beaa1a069b0f736e462ba2121498cb6f132", kill_on_drop: false }`
[INFO] running `Command { std: "docker" "rm" "-f" "009e551e5c22bef0aa94b8a091510beaa1a069b0f736e462ba2121498cb6f132", kill_on_drop: false }`
[INFO] [stdout] 009e551e5c22bef0aa94b8a091510beaa1a069b0f736e462ba2121498cb6f132
[INFO] running `Command { std: "docker" "create" "-v" "/var/lib/crater-agent-workspace/builds/worker-7/target:/opt/rustwide/target:rw,Z" "-v" "/var/lib/crater-agent-workspace/builds/worker-7/source:/opt/rustwide/workdir:ro,Z" "-v" "/var/lib/crater-agent-workspace/cargo-home:/opt/rustwide/cargo-home:ro,Z" "-v" "/var/lib/crater-agent-workspace/rustup-home:/opt/rustwide/rustup-home:ro,Z" "-e" "SOURCE_DIR=/opt/rustwide/workdir" "-e" "CARGO_TARGET_DIR=/opt/rustwide/target" "-e" "CARGO_INCREMENTAL=0" "-e" "RUST_BACKTRACE=full" "-e" "RUSTFLAGS=--cap-lints=forbid" "-e" "CARGO_HOME=/opt/rustwide/cargo-home" "-e" "RUSTUP_HOME=/opt/rustwide/rustup-home" "-w" "/opt/rustwide/workdir" "-m" "1610612736" "--user" "0:0" "--network" "none" "rustops/crates-build-env@sha256:a636fd89d022f18117e1dc8fb37a0a009933cdbbe082814857f0e2024962d47c" "/opt/rustwide/cargo-home/bin/cargo" "+cfbc6d4cf1acbac5c025acf8ed68929caa551df3" "check" "--frozen" "--all" "--all-targets" "--message-format=json", kill_on_drop: false }`
[INFO] [stdout] 5134c1fed4dc0702dafafb903c9fe8579968a0f4e3deaf8b4ca9ea6a727c2ee3
[INFO] [stderr] WARNING: Your kernel does not support swap limit capabilities or the cgroup is not mounted. Memory limited without swap.
[INFO] running `Command { std: "docker" "start" "-a" "5134c1fed4dc0702dafafb903c9fe8579968a0f4e3deaf8b4ca9ea6a727c2ee3", kill_on_drop: false }`
[INFO] [stderr]    Compiling memchr v2.3.3
[INFO] [stderr]    Compiling libc v0.2.76
[INFO] [stderr]     Checking pin-utils v0.1.0
[INFO] [stderr]     Checking slab v0.4.2
[INFO] [stderr]     Checking futures-util-preview v0.3.0-alpha.19
[INFO] [stderr]     Checking num_cpus v1.13.0
[INFO] [stderr]     Checking futures-executor-preview v0.3.0-alpha.19
[INFO] [stderr]     Checking futures-preview v0.3.0-alpha.19
[INFO] [stderr]     Checking pseudo-async-io v0.1.0 (/opt/rustwide/workdir)
[INFO] [stdout] error[E0557]: feature has been removed
[INFO] [stdout]  --> src/lib.rs:1:25
[INFO] [stdout]   |
[INFO] [stdout] 1 | #![feature(async_await, await_macro, futures_api)]
[INFO] [stdout]   |                         ^^^^^^^^^^^ feature has been removed
[INFO] [stdout]   |
[INFO] [stdout]   = note: subsumed by `.await` syntax
[INFO] [stdout] 
[INFO] [stdout] 
[INFO] [stdout] error[E0557]: feature has been removed
[INFO] [stdout]  --> src/lib.rs:1:25
[INFO] [stdout]   |
[INFO] [stdout] 1 | #![feature(async_await, await_macro, futures_api)]
[INFO] [stdout]   |                         ^^^^^^^^^^^ feature has been removed
[INFO] [stdout]   |
[INFO] [stdout]   = note: subsumed by `.await` syntax
[INFO] [stdout] 
[INFO] [stdout] 
[INFO] [stdout] error[E0554]: `#![feature]` may not be used on the beta release channel
[INFO] [stdout]  --> src/lib.rs:1:1
[INFO] [stdout]   |
[INFO] [stdout] 1 | #![feature(async_await, await_macro, futures_api)]
[INFO] [stdout]   | ^^^^^^^^^^^^^^^^^^^^^^^^^^^^^^^^^^^^^^^^^^^^^^^^^^
[INFO] [stdout] 
[INFO] [stdout] 
[INFO] [stdout] error[E0554]: `#![feature]` may not be used on the beta release channel
[INFO] [stdout]  --> src/lib.rs:1:1
[INFO] [stdout]   |
[INFO] [stdout] 1 | #![feature(async_await, await_macro, futures_api)]
[INFO] [stdout]   | ^^^^^^^^^^^^^^^^^^^^^^^^^^^^^^^^^^^^^^^^^^^^^^^^^^
[INFO] [stdout] 
[INFO] [stdout] 
[INFO] [stdout] error[E0053]: method `poll_read` has an incompatible type for trait
[INFO] [stdout]   --> src/lib.rs:46:5
[INFO] [stdout]    |
[INFO] [stdout] 46 |     fn poll_read(&mut self, _: &Waker, buf: &mut [u8]) -> Poll<Result<usize, Error>> {
[INFO] [stdout]    |     ^^^^^^^^^^^^^^^^^^^^^^^^^^^^^^^^^^^^^^^^^^^^^^^^^^^^^^^^^^^^^^^^^^^^^^^^^^^^^^^^ expected struct `std::pin::Pin`, found mutable reference
[INFO] [stdout]    |
[INFO] [stdout]    = note: expected fn pointer `fn(std::pin::Pin<&mut PseudoAsyncIo<R>>, &mut std::task::Context<'_>, &mut [u8]) -> futures::Poll<_>`
[INFO] [stdout]               found fn pointer `fn(&mut PseudoAsyncIo<R>, &std::task::Waker, &mut [u8]) -> futures::Poll<_>`
[INFO] [stdout] 
[INFO] [stdout] 
[INFO] [stdout] error[E0053]: method `poll_write` has an incompatible type for trait
[INFO] [stdout]   --> src/lib.rs:53:5
[INFO] [stdout]    |
[INFO] [stdout] 53 |     fn poll_write(&mut self, _: &Waker, b: &[u8]) -> Poll<Result<usize, Error>> {
[INFO] [stdout]    |     ^^^^^^^^^^^^^^^^^^^^^^^^^^^^^^^^^^^^^^^^^^^^^^^^^^^^^^^^^^^^^^^^^^^^^^^^^^^ expected struct `std::pin::Pin`, found mutable reference
[INFO] [stdout]    |
[INFO] [stdout]    = note: expected fn pointer `fn(std::pin::Pin<&mut PseudoAsyncIo<W>>, &mut std::task::Context<'_>, &[u8]) -> futures::Poll<_>`
[INFO] [stdout]               found fn pointer `fn(&mut PseudoAsyncIo<W>, &std::task::Waker, &[u8]) -> futures::Poll<_>`
[INFO] [stdout] 
[INFO] [stdout] 
[INFO] [stdout] error[E0053]: method `poll_flush` has an incompatible type for trait
[INFO] [stdout]   --> src/lib.rs:57:5
[INFO] [stdout]    |
[INFO] [stdout] 57 |     fn poll_flush(&mut self, _: &Waker) -> Poll<Result<(), Error>> {
[INFO] [stdout]    |     ^^^^^^^^^^^^^^^^^^^^^^^^^^^^^^^^^^^^^^^^^^^^^^^^^^^^^^^^^^^^^^ expected struct `std::pin::Pin`, found mutable reference
[INFO] [stdout]    |
[INFO] [stdout]    = note: expected fn pointer `fn(std::pin::Pin<&mut PseudoAsyncIo<W>>, &mut std::task::Context<'_>) -> futures::Poll<_>`
[INFO] [stdout]               found fn pointer `fn(&mut PseudoAsyncIo<W>, &std::task::Waker) -> futures::Poll<_>`
[INFO] [stdout] 
[INFO] [stdout] 
[INFO] [stdout] error[E0053]: method `poll_close` has an incompatible type for trait
[INFO] [stdout]   --> src/lib.rs:61:5
[INFO] [stdout]    |
[INFO] [stdout] 61 |     fn poll_close(&mut self, _: &Waker) -> Poll<Result<(), Error>> {
[INFO] [stdout]    |     ^^^^^^^^^^^^^^^^^^^^^^^^^^^^^^^^^^^^^^^^^^^^^^^^^^^^^^^^^^^^^^ expected struct `std::pin::Pin`, found mutable reference
[INFO] [stdout]    |
[INFO] [stdout]    = note: expected fn pointer `fn(std::pin::Pin<&mut PseudoAsyncIo<W>>, &mut std::task::Context<'_>) -> futures::Poll<_>`
[INFO] [stdout]               found fn pointer `fn(&mut PseudoAsyncIo<W>, &std::task::Waker) -> futures::Poll<_>`
[INFO] [stdout] 
[INFO] [stdout] 
[INFO] [stdout] error[E0053]: method `poll_read` has an incompatible type for trait
[INFO] [stdout]    --> src/lib.rs:102:5
[INFO] [stdout]     |
[INFO] [stdout] 102 |     fn poll_read(&mut self, _: &Waker, b: &mut [u8]) -> Poll<Result<usize, Error>> {
[INFO] [stdout]     |     ^^^^^^^^^^^^^^^^^^^^^^^^^^^^^^^^^^^^^^^^^^^^^^^^^^^^^^^^^^^^^^^^^^^^^^^^^^^^^^ expected struct `std::pin::Pin`, found mutable reference
[INFO] [stdout]     |
[INFO] [stdout]     = note: expected fn pointer `fn(std::pin::Pin<&mut PseudoAsyncIoPair<R, W>>, &mut std::task::Context<'_>, &mut [u8]) -> futures::Poll<_>`
[INFO] [stdout]                found fn pointer `fn(&mut PseudoAsyncIoPair<R, W>, &std::task::Waker, &mut [u8]) -> futures::Poll<_>`
[INFO] [stdout] 
[INFO] [stdout] 
[INFO] [stdout] error[E0053]: method `poll_write` has an incompatible type for trait
[INFO] [stdout]    --> src/lib.rs:108:5
[INFO] [stdout]     |
[INFO] [stdout] 108 |     fn poll_write(&mut self, _: &Waker, b: &[u8]) -> Poll<Result<usize, Error>> {
[INFO] [stdout]     |     ^^^^^^^^^^^^^^^^^^^^^^^^^^^^^^^^^^^^^^^^^^^^^^^^^^^^^^^^^^^^^^^^^^^^^^^^^^^ expected struct `std::pin::Pin`, found mutable reference
[INFO] [stdout]     |
[INFO] [stdout]     = note: expected fn pointer `fn(std::pin::Pin<&mut PseudoAsyncIoPair<R, W>>, &mut std::task::Context<'_>, &[u8]) -> futures::Poll<_>`
[INFO] [stdout]                found fn pointer `fn(&mut PseudoAsyncIoPair<R, W>, &std::task::Waker, &[u8]) -> futures::Poll<_>`
[INFO] [stdout] 
[INFO] [stdout] 
[INFO] [stdout] error[E0053]: method `poll_flush` has an incompatible type for trait
[INFO] [stdout]    --> src/lib.rs:112:5
[INFO] [stdout]     |
[INFO] [stdout] 112 |     fn poll_flush(&mut self, _: &Waker) -> Poll<Result<(), Error>> {
[INFO] [stdout]     |     ^^^^^^^^^^^^^^^^^^^^^^^^^^^^^^^^^^^^^^^^^^^^^^^^^^^^^^^^^^^^^^ expected struct `std::pin::Pin`, found mutable reference
[INFO] [stdout]     |
[INFO] [stdout]     = note: expected fn pointer `fn(std::pin::Pin<&mut PseudoAsyncIoPair<R, W>>, &mut std::task::Context<'_>) -> futures::Poll<_>`
[INFO] [stdout]                found fn pointer `fn(&mut PseudoAsyncIoPair<R, W>, &std::task::Waker) -> futures::Poll<_>`
[INFO] [stdout] 
[INFO] [stdout] 
[INFO] [stdout] error[E0053]: method `poll_close` has an incompatible type for trait
[INFO] [stdout]    --> src/lib.rs:116:5
[INFO] [stdout]     |
[INFO] [stdout] 116 |     fn poll_close(&mut self, _: &Waker) -> Poll<Result<(), Error>> {
[INFO] [stdout]     |     ^^^^^^^^^^^^^^^^^^^^^^^^^^^^^^^^^^^^^^^^^^^^^^^^^^^^^^^^^^^^^^ expected struct `std::pin::Pin`, found mutable reference
[INFO] [stdout]     |
[INFO] [stdout]     = note: expected fn pointer `fn(std::pin::Pin<&mut PseudoAsyncIoPair<R, W>>, &mut std::task::Context<'_>) -> futures::Poll<_>`
[INFO] [stdout]                found fn pointer `fn(&mut PseudoAsyncIoPair<R, W>, &std::task::Waker) -> futures::Poll<_>`
[INFO] [stdout] 
[INFO] [stdout] 
[INFO] [stdout] error[E0053]: method `poll_read` has an incompatible type for trait
[INFO] [stdout]   --> src/lib.rs:46:5
[INFO] [stdout]    |
[INFO] [stdout] 46 |     fn poll_read(&mut self, _: &Waker, buf: &mut [u8]) -> Poll<Result<usize, Error>> {
[INFO] [stdout]    |     ^^^^^^^^^^^^^^^^^^^^^^^^^^^^^^^^^^^^^^^^^^^^^^^^^^^^^^^^^^^^^^^^^^^^^^^^^^^^^^^^ expected struct `std::pin::Pin`, found mutable reference
[INFO] [stdout]    |
[INFO] [stdout]    = note: expected fn pointer `fn(std::pin::Pin<&mut PseudoAsyncIo<R>>, &mut std::task::Context<'_>, &mut [u8]) -> futures::Poll<_>`
[INFO] [stdout]               found fn pointer `fn(&mut PseudoAsyncIo<R>, &std::task::Waker, &mut [u8]) -> futures::Poll<_>`
[INFO] [stdout] 
[INFO] [stdout] 
[INFO] [stdout] error[E0053]: method `poll_write` has an incompatible type for trait
[INFO] [stdout]   --> src/lib.rs:53:5
[INFO] [stdout]    |
[INFO] [stdout] 53 |     fn poll_write(&mut self, _: &Waker, b: &[u8]) -> Poll<Result<usize, Error>> {
[INFO] [stdout]    |     ^^^^^^^^^^^^^^^^^^^^^^^^^^^^^^^^^^^^^^^^^^^^^^^^^^^^^^^^^^^^^^^^^^^^^^^^^^^ expected struct `std::pin::Pin`, found mutable reference
[INFO] [stdout]    |
[INFO] [stdout]    = note: expected fn pointer `fn(std::pin::Pin<&mut PseudoAsyncIo<W>>, &mut std::task::Context<'_>, &[u8]) -> futures::Poll<_>`
[INFO] [stdout]               found fn pointer `fn(&mut PseudoAsyncIo<W>, &std::task::Waker, &[u8]) -> futures::Poll<_>`
[INFO] [stdout] 
[INFO] [stdout] 
[INFO] [stdout] error[E0053]: method `poll_flush` has an incompatible type for trait
[INFO] [stdout]   --> src/lib.rs:57:5
[INFO] [stdout]    |
[INFO] [stdout] 57 |     fn poll_flush(&mut self, _: &Waker) -> Poll<Result<(), Error>> {
[INFO] [stdout]    |     ^^^^^^^^^^^^^^^^^^^^^^^^^^^^^^^^^^^^^^^^^^^^^^^^^^^^^^^^^^^^^^ expected struct `std::pin::Pin`, found mutable reference
[INFO] [stdout]    |
[INFO] [stdout]    = note: expected fn pointer `fn(std::pin::Pin<&mut PseudoAsyncIo<W>>, &mut std::task::Context<'_>) -> futures::Poll<_>`
[INFO] [stdout]               found fn pointer `fn(&mut PseudoAsyncIo<W>, &std::task::Waker) -> futures::Poll<_>`
[INFO] [stdout] 
[INFO] [stdout] 
[INFO] [stdout] error[E0053]: method `poll_close` has an incompatible type for trait
[INFO] [stdout]   --> src/lib.rs:61:5
[INFO] [stdout]    |
[INFO] [stdout] 61 |     fn poll_close(&mut self, _: &Waker) -> Poll<Result<(), Error>> {
[INFO] [stdout]    |     ^^^^^^^^^^^^^^^^^^^^^^^^^^^^^^^^^^^^^^^^^^^^^^^^^^^^^^^^^^^^^^ expected struct `std::pin::Pin`, found mutable reference
[INFO] [stdout]    |
[INFO] [stdout]    = note: expected fn pointer `fn(std::pin::Pin<&mut PseudoAsyncIo<W>>, &mut std::task::Context<'_>) -> futures::Poll<_>`
[INFO] [stdout]               found fn pointer `fn(&mut PseudoAsyncIo<W>, &std::task::Waker) -> futures::Poll<_>`
[INFO] [stdout] 
[INFO] [stdout] 
[INFO] [stdout] error[E0053]: method `poll_read` has an incompatible type for trait
[INFO] [stdout]    --> src/lib.rs:102:5
[INFO] [stdout]     |
[INFO] [stdout] 102 |     fn poll_read(&mut self, _: &Waker, b: &mut [u8]) -> Poll<Result<usize, Error>> {
[INFO] [stdout]     |     ^^^^^^^^^^^^^^^^^^^^^^^^^^^^^^^^^^^^^^^^^^^^^^^^^^^^^^^^^^^^^^^^^^^^^^^^^^^^^^ expected struct `std::pin::Pin`, found mutable reference
[INFO] [stdout]     |
[INFO] [stdout]     = note: expected fn pointer `fn(std::pin::Pin<&mut PseudoAsyncIoPair<R, W>>, &mut std::task::Context<'_>, &mut [u8]) -> futures::Poll<_>`
[INFO] [stdout]                found fn pointer `fn(&mut PseudoAsyncIoPair<R, W>, &std::task::Waker, &mut [u8]) -> futures::Poll<_>`
[INFO] [stdout] 
[INFO] [stdout] 
[INFO] [stdout] error[E0053]: method `poll_write` has an incompatible type for trait
[INFO] [stdout]    --> src/lib.rs:108:5
[INFO] [stdout]     |
[INFO] [stdout] 108 |     fn poll_write(&mut self, _: &Waker, b: &[u8]) -> Poll<Result<usize, Error>> {
[INFO] [stdout]     |     ^^^^^^^^^^^^^^^^^^^^^^^^^^^^^^^^^^^^^^^^^^^^^^^^^^^^^^^^^^^^^^^^^^^^^^^^^^^ expected struct `std::pin::Pin`, found mutable reference
[INFO] [stdout]     |
[INFO] [stdout]     = note: expected fn pointer `fn(std::pin::Pin<&mut PseudoAsyncIoPair<R, W>>, &mut std::task::Context<'_>, &[u8]) -> futures::Poll<_>`
[INFO] [stdout]                found fn pointer `fn(&mut PseudoAsyncIoPair<R, W>, &std::task::Waker, &[u8]) -> futures::Poll<_>`
[INFO] [stdout] 
[INFO] [stdout] 
[INFO] [stdout] error[E0053]: method `poll_flush` has an incompatible type for trait
[INFO] [stdout]    --> src/lib.rs:112:5
[INFO] [stdout]     |
[INFO] [stdout] 112 |     fn poll_flush(&mut self, _: &Waker) -> Poll<Result<(), Error>> {
[INFO] [stdout]     |     ^^^^^^^^^^^^^^^^^^^^^^^^^^^^^^^^^^^^^^^^^^^^^^^^^^^^^^^^^^^^^^ expected struct `std::pin::Pin`, found mutable reference
[INFO] [stdout]     |
[INFO] [stdout]     = note: expected fn pointer `fn(std::pin::Pin<&mut PseudoAsyncIoPair<R, W>>, &mut std::task::Context<'_>) -> futures::Poll<_>`
[INFO] [stdout]                found fn pointer `fn(&mut PseudoAsyncIoPair<R, W>, &std::task::Waker) -> futures::Poll<_>`
[INFO] [stdout] 
[INFO] [stdout] 
[INFO] [stdout] error[E0053]: method `poll_close` has an incompatible type for trait
[INFO] [stdout]    --> src/lib.rs:116:5
[INFO] [stdout]     |
[INFO] [stdout] 116 |     fn poll_close(&mut self, _: &Waker) -> Poll<Result<(), Error>> {
[INFO] [stdout]     |     ^^^^^^^^^^^^^^^^^^^^^^^^^^^^^^^^^^^^^^^^^^^^^^^^^^^^^^^^^^^^^^ expected struct `std::pin::Pin`, found mutable reference
[INFO] [stdout]     |
[INFO] [stdout]     = note: expected fn pointer `fn(std::pin::Pin<&mut PseudoAsyncIoPair<R, W>>, &mut std::task::Context<'_>) -> futures::Poll<_>`
[INFO] [stdout]                found fn pointer `fn(&mut PseudoAsyncIoPair<R, W>, &std::task::Waker) -> futures::Poll<_>`
[INFO] [stdout] 
[INFO] [stdout] 
[INFO] [stdout] error: aborting due to 10 previous errors
[INFO] [stdout] 
[INFO] [stdout] 
[INFO] [stdout] Some errors have detailed explanations: E0053, E0554, E0557.
[INFO] [stdout] 
[INFO] [stdout] error: aborting due to 10 previous errors
[INFO] [stdout] 
[INFO] [stdout] 
[INFO] [stdout] For more information about an error, try `rustc --explain E0053`.
[INFO] [stdout] 
[INFO] [stderr] error: could not compile `pseudo-async-io`.
[INFO] [stderr] 
[INFO] [stderr] To learn more, run the command again with --verbose.
[INFO] [stderr] warning: build failed, waiting for other jobs to finish...
[INFO] [stdout] Some errors have detailed explanations: E0053, E0554, E0557.
[INFO] [stdout] 
[INFO] [stdout] For more information about an error, try `rustc --explain E0053`.
[INFO] [stdout] 
[INFO] [stderr] error: build failed
[INFO] running `Command { std: "docker" "inspect" "5134c1fed4dc0702dafafb903c9fe8579968a0f4e3deaf8b4ca9ea6a727c2ee3", kill_on_drop: false }`
[INFO] running `Command { std: "docker" "rm" "-f" "5134c1fed4dc0702dafafb903c9fe8579968a0f4e3deaf8b4ca9ea6a727c2ee3", kill_on_drop: false }`
[INFO] [stdout] 5134c1fed4dc0702dafafb903c9fe8579968a0f4e3deaf8b4ca9ea6a727c2ee3
